 common factor of m and y.
19
Let z = 109 - 109. Suppose -2*r + 8 = -3*r + 5*p, 5*r - 5*p = z. Calculate the greatest common divisor of 5 and r.
1
Let t = -35 - -55. Let o = 35 - 28. Suppose -4 = o*i - 39. Calculate the greatest common divisor of t and i.
5
Suppose 7*g - 12*g - 2*w = -137, g - 2*w - 25 = 0. Calculate the greatest common factor of g and 297.
27
Let d be (-1 - -4)/((-144)/(-2208)). What is the highest common factor of d and 299?
23
Let k = -229 - -325. What is the greatest common factor of 800 and k?
32
Let d(f) = f**2 + 20*f - 12. Let x be d(-20). Let g be (8 + 2)*x/(-6). What is the greatest common divisor of g and 180?
20
Suppose 0 = 5*q - 4*p - 75, 3*p - 7 = -3*q + q. Suppose 0*a = 2*a + i - 86, a = 3*i + 50. Calculate the highest common factor of a and q.
11
Let y be 1604/8 + (3/(-2) - -1). Suppose 0*r + y = 8*r. Calculate the highest common factor of r and 10.
5
Let s = 31 - 29. Let d be -5*(-4)/10*s. Let k be -1 - (16/d + -71). Calculate the greatest common factor of 11 and k.
11
Let p be 18*(7/(-2) + 3). Let x = 61 + p. Suppose s - d - 124 = -2*s, -s + x = 5*d. What is the greatest common divisor of s and 14?
14
Suppose 3*s - 13 = -4. Suppose q = 4, 8*t = 3*t - 4*q + 181. Calculate the highest common divisor of t and s.
3
Suppose -393 + 429 = h. Let z(o) = o**3 - 11*o**2 - 7*o - 12. Let x be z(12). Calculate the greatest common divisor of x and h.
12
Suppose 3*f - 144 = -f. Let b = 73 + -49. What is the highest common factor of b and f?
12
Let y be 14*1 + (0 + 0 - -1). Suppose 0 = -4*h + h + 135. Calculate the greatest common factor of y and h.
15
Let j(u) = -4*u - 20. Let b be j(-12). Suppose 0 = -6*x + 2*x. Suppose 2*p + 3*p - 350 = x. Calculate the greatest common factor of b and p.
14
Suppose 1 = b + 25*d - 26*d, 2*b - 14 = -4*d. Calculate the greatest common divisor of b and 5.
1
Let h = 276 - -939. What is the highest common factor of h and 15?
15
Suppose -4*n = -20, -4*b = -9*b - n + 30. Suppose b*w - z - 78 = 0, -4*w = z - 0*z - 57. Calculate the highest common factor of 45 and w.
15
Suppose -4*g + 2*b + 14 = 0, 5 = -5*g - 4*b + 3. Suppose -5*f = -4*m + 364, g*m + 328 = 6*m + 4*f. What is the greatest common divisor of 215 and m?
43
Let g = 590 + -249. Calculate the greatest common factor of g and 31.
31
Suppose 5*i = 2*x - 169 + 1616, x + 1 = 0. Calculate the greatest common factor of i and 34.
17
Let l(t) = t**3 - 7*t**2 + 7*t - 1. Let i be l(6). Suppose -i*b + 7*b = 10. What is the highest common divisor of 35 and b?
5
Suppose 45 = -0*o - 3*o. Let h = o + 15. Let u be 2*2*(h + 1). Calculate the greatest common factor of 4 and u.
4
Let r(a) be the third derivative of -2*a**4/3 - 13*a**3/6 - 29*a**2. Let q be r(-2). Calculate the highest common divisor of q and 133.
19
Let y be 1 - ((-8)/2 - -1). Suppose -y*a - 10 = -46. Suppose 50*s - 2*s = 3456. What is the highest common divisor of a and s?
9
Let s = 46 - 38. Suppose 5*q = t + s - 27, 0 = 5*q + 10. What is the greatest common divisor of t and 1?
1
Suppose 4*g - 4*u = g + 44, 2*u = 2. Let b = g - 9. What is the greatest common factor of 49 and b?
7
Let a(f) = -2*f**2 - 147*f + 263. Let n be a(-75). Suppose -d + 456 = 3*d. Calculate the greatest common factor of d and n.
38
Suppose 1992 + 1726 = 13*d. Calculate the highest common factor of 26 and d.
26
Let s be 4 + -1 - (5 + -9). Let v = s + -7. Let k = v + 9. Calculate the greatest common factor of k and 1.
1
Suppose 18*i + 5*i = 966. Calculate the greatest common divisor of 12 and i.
6
Let m = -16 - -22. Let w(z) = -z**3 + 7*z**2 - 8*z + 7. Let s be w(6). Let a be (-40)/s*33/m. What is the highest common divisor of a and 110?
22
Suppose 0 = -4*v + s + 15, -4*v + 2*s = 3*s - 17. Suppose 100 = 8*t - v*t. What is the greatest common factor of 225 and t?
25
Let i = -15 + 17. Suppose -4*s + 5*s + 10 = 3*u, -i*u + 16 = -3*s. What is the greatest common divisor of 3 and u?
1
Let p = 351 - 338. Suppose 0 = -3*f - 9, -d - 3*d = -f + 29. Let i = p + d. What is the greatest common factor of i and 5?
5
Suppose 17*x + 0*x = -238. Let a(p) = p**2 + 11*p - 33. Let m be a(x). What is the highest common factor of m and 2?
1
Suppose -96 = 4*w + j, 0*w + 3*w + 87 = 3*j. Let i = 11 - w. Suppose -x + 5*x = 216. Calculate the greatest common divisor of i and x.
18
Let o(s) = -s**3 - 3*s**2 + 5*s. Let m be -3*(-12)/(-9)*1. Let x be o(m). Let y be (x + -1)*(-14)/35. Calculate the greatest common divisor of 2 and y.
2
Let l = 48 - 23. Suppose 0 = -3*o - 3*v - 114, 0 = -9*v + 4*v - l. Let r = -28 - o. Calculate the highest common factor of 55 and r.
5
Suppose 4*p - 52 - 20 = 0. Let o = p - 30. Let q be -2 + (1 - -1 - o). What is the greatest common factor of 4 and q?
4
Let d(r) = -r**2 + 27*r + 19. Let u be d(21). Calculate the greatest common factor of u and 15.
5
Let c be 312/(-42)*(-14)/4. Let f = c + -12. Suppose -4*x + 3*x + f = 0. What is the greatest common divisor of 154 and x?
14
Suppose -g + d + 3*d = -20, 5*d + 8 = -3*g. What is the highest common factor of 22 and g?
2
Let y(f) = 3*f**2 + f + 3. Suppose -3*j + 6*j = 15. Let b be y(j). Suppose 3*m = 25 + b. What is the highest common divisor of 6 and m?
6
Let t(j) be the second derivative of j**3 - 27*j**2/2 + 48*j. Let o be t(7). Let g be 4/(-14) - (-2526)/21. Calculate the greatest common factor of o and g.
15
Suppose 3*x = 10*t - 12*t + 2944, -2*t - 4928 = -5*x. Calculate the highest common factor of 24 and x.
24
Let l = -4 + 5. Suppose -l - 2 = -c. Suppose c*b - 64 = -7. What is the highest common divisor of 152 and b?
19
Suppose 4*r + 0*x - x - 84 = 0, -4*r = 4*x - 64. Calculate the greatest common divisor of r and 32.
4
Let v(f) = 318*f - 218. Let b be v(6). Calculate the highest common divisor of 10 and b.
10
Let h be (-4 - 8/(-2))/3 - -741. What is the greatest common divisor of 57 and h?
57
Suppose -33 - 12 = -3*r. Suppose -4*h = 4*c + 8 - 24, -27 = -5*c + 2*h. What is the greatest common factor of r and c?
5
Suppose -2 - 3 = -5*t, -59 = -2*p - 5*t. What is the highest common divisor of 3 and p?
3
Let h = 23 - 1. What is the greatest common divisor of 2 and h?
2
Let y = -711 - -1000. Let v = -198 + y. Let d be 26/v + (-5)/(-7). Calculate the highest common divisor of 8 and d.
1
Let f = -645 - -660. Calculate the greatest common divisor of 405 and f.
15
Let n = 1698 - 1692. What is the greatest common factor of 906 and n?
6
Let i = 314 + -223. Let t = i - 47. What is the highest common divisor of 11 and t?
11
Let s(v) = 6*v**2 - 2*v + 12. Let q be s(-3). Suppose 0 = -2*l - l + 6. Let z = 10 - l. What is the greatest common factor of q and z?
8
Let f = -3282 - -3303. Let z = 101 - 45. Calculate the greatest common factor of z and f.
7
Let k(g) = -196*g**3. Let b be k(-1). Suppose -6*i + 308 + 28 = 0. Let j be i/(9/(-3) - -5). What is the greatest common divisor of j and b?
28
Let c = -193 - -43. Let j = c - -154. Calculate the greatest common factor of 88 and j.
4
Suppose -4*v + 145 - 25 = 0. Suppose a = -4*a. Suppose 0 = 5*h + n - 70, 3*n + v = h - a. What is the highest common divisor of 6 and h?
3
Suppose 20*n - 475 = 1125. Calculate the highest common divisor of 20 and n.
20
Let w be ((-1719)/18)/(1/2). Let k = -121 - w. Calculate the highest common divisor of 35 and k.
35
Let n(v) = 9*v - 60. Let l be n(19). Calculate the greatest common divisor of l and 74.
37
Let d = 16 - 13. Suppose -d*f = -f. Suppose -7*t + 2*t + 200 = f. What is the greatest common factor of 120 and t?
40
Let o = -135 - -177. Let n = 7 + -1. What is the greatest common divisor of o and n?
6
Suppose -3*b + 16 = b. Suppose b*p - 83 = 1. Let h(d) = d + 20. Let c be h(-17). What is the highest common divisor of p and c?
3
Let s = -593 + 990. Suppose -4*z + 131 = -s. What is the highest common divisor of z and 12?
12
Let w be -3*-1*(-132)/(-9). Let y be 4425/135 - 4/(-18). What is the highest common factor of y and w?
11
Suppose 0 = -4*a + 98 + 342. Let m be (3 - -1)/(-2) + a. Calculate the highest common divisor of m and 12.
12
Suppose y + 22 = 12*y. Suppose 3*n = 5*j - 1437, 866 = 3*j - 0*n + y*n. Calculate the greatest common divisor of j and 32.
32
Let k(n) = n. Let r(v) = -v**3 - 17*v**2 + 23*v + 9. Let i(l) = 4*k(l) - r(l). Let f be i(-18). Calculate the greatest common divisor of f an